/(0 - x) is divided by u.
10
Suppose 26 = 2*y - 74. Let z = 75 - y. Calculate the remainder when z is divided by (-152)/(-16) - 1/2.
7
Let a(g) = -6*g + 13. Let m be a(-11). Suppose 0 = -2*i + 2*k + 40, 7*k = 4*i + 4*k - m. What is the remainder when 54 is divided by i?
16
Suppose 0 = 4*s - 4 - 8. Suppose s*v - 16 - 5 = 3*t, -3*v = t - 21. Let b = -33 - -45. What is the remainder when b is divided by v?
5
Let j be (-1)/3 - (-1)/3. Suppose j = x + 3*x. Calculate the remainder when (2 + x)/(2/5) is divided by 3.
2
Let n = 119 + -103. What is the remainder when n is divided by 5?
1
Suppose 0 = 5*l - 3*b - 173, 2*l = 2*b - 6*b + 90. Suppose -5*a + 78 = -22. What is the remainder when l is divided by a?
17
Suppose 4*f = -0*f + 12. Suppose 3*v + 2*w - 153 = f*w, 4*v = -2*w + 194. Suppose 0 = -4*h + v + 30. What is the remainder when 38 is divided by h?
18
Suppose 2*q = q + 18. Let f = 43 + -9. Calculate the remainder when f is divided by q.
16
Let b = 239 - 142. Calculate the remainder when b is divided by 20.
17
Let q(d) = d**3 + 12*d**2 + 12*d + 16. Let n be ((-33)/12)/(1/4). What is the remainder when 14 is divided by q(n)?
4
Suppose 4*j = 4*r - 12, -3 = 7*r - 3*r + j. What is the remainder when r/2 + (-135)/(-3) is divided by 12?
9
Let m = -9 + 27. Suppose b + 58 = 5*o + 2*b, m = o - 3*b. What is the remainder when o is divided by 7?
5
Let p be 2/(-10) + (-201)/(-5). Suppose 5*h - 3*i = p, -2*h + 16 = -i + 4*i. What is the remainder when 30 is divided by h?
6
Let g = -48 + 77. Suppose -q + 3 - 1 = 0. Suppose -t - q = -10. What is the remainder when g is divided by t?
5
Let b = -6 + 9. Suppose -8 = b*p - 2. Let w(t) = -37*t - 3. What is the remainder when w(p) is divided by 24?
23
Let v = 25 + -11. Suppose -2*c = -y + 2*y + 105, 3*c = 0. Let q = -64 - y. Calculate the remainder when q is divided by v.
13
Calculate the remainder when 127 is divided by 90/2 + (4 - 5).
39
Let u(z) = z**3 - 7*z**2 - 3*z - 7. Calculate the remainder when u(8) is divided by 6.
3
Let i = -18 + 13. Let w(z) = -3*z - 4. Calculate the remainder when 43 is divided by w(i).
10
Calculate the remainder when 48*(-1)/(12/(-8)) is divided by (1 - 2)/(11/(-187)).
15
Suppose -q = -w + 3*q - 32, -5*w - 2*q = 72. Calculate the remainder when 39 is divided by -4*28/w*2.
11
Let c be (3 + -9)*(-2)/4. Suppose -c*u + 5 - 12 = -d, 4*d - 4*u = 36. Calculate the remainder when 29 is divided by d.
9
Let o = 63 - 38. Calculate the remainder when 73 is divided by o.
23
Suppose 5*r - 20 = -0*r. Let m(n) = 4*n**2 - 3*n + 1. Calculate the remainder when m(2) is divided by r.
3
Suppose -2*n - 9 = -69. What is the remainder when 88 is divided by n?
28
Let a(m) = m**2 + 4*m + 3. Let s be a(-4). Suppose -2*h = -s*h + 30. What is the remainder when h is divided by 11?
8
Suppose 4*l - 2*f - 244 = 0, -2*l - 3*f + 160 = 38. Calculate the remainder when l is divided by 9.
7
Let o(h) = -3*h - 44. What is the remainder when 61 is divided by o(-25)?
30
Let w = 26 + -16. Let d = 27 + -8. What is the remainder when d is divided by w?
9
Let k(y) = y**3 + 4*y**2 + 2*y - 1. Let j(v) = -v - 7. Let u be j(-7). Let d(l) = l**3 + l**2 + 3. Calculate the remainder when d(u) is divided by k(-3).
1
Let c(x) = 50*x + 1. What is the remainder when c(1) is divided by (-41)/(-3) - 6/9?
12
Suppose -4*z + 74 + 18 = 0. What is the remainder when z is divided by 12?
11
Let l = -15 + 31. Let o = -157 + 203. What is the remainder when o is divided by l?
14
Calculate the remainder when ((-54)/21)/((-3)/14) is divided by 5.
2
Suppose -7*l + 62 = -36. What is the remainder when 47 is divided by l?
5
Let u(l) = -82*l - 34. Calculate the remainder when u(-2) is divided by 33.
31
Let m(x) = 3*x. Let h be (-77)/(-2) + (-4)/(-8). Suppose 5*y - h = -3*p, p + 55 = 6*p + 5*y. Calculate the remainder when m(p) is divided by 13.
11
What is the remainder when 32 - (4 - (-4)/(-2)) is divided by 12?
6
What is the remainder when -515*12/(-135) + 2/9 is divided by 19?
8
Calculate the remainder when (3 - 3)/(-4) - -57 is divided by 12.
9
Calculate the remainder when 0 - -1 - 1265/(-11) is divided by 15.
11
Suppose -15*j + 216 = -9*j. Calculate the remainder when 140 is divided by j.
32
Let q(u) = -9 + 5*u - 8*u - 10 + u. What is the remainder when (1*2)/(-2) + 8 is divided by q(-11)?
1
Calculate the remainder when 78 is divided by 42*(7/147 - (-6)/21).
8
Let m be -4 - -3 - -4 - 1. Calculate the remainder when 37 is divided by (26/8)/(m/8).
11
Suppose -17 = -4*d + 19. Let n(h) = -4*h**2 + 7*h + 6. Let b(l) = -l**2 + l. Let p(g) = 3*b(g) - n(g). Calculate the remainder when p(7) is divided by d.
6
Suppose 4*m - 46 = 2. Calculate the remainder when 57 is divided by m.
9
What is the remainder when (0 - 2 - -179) + 15/(-5) is divided by 25?
24
Suppose -t + 6*t - 75 = 0. Let i = t + -6. What is the remainder when 26 is divided by i?
8
Let s be -2 + -50 + 1 - 0. Let z = -25 - s. Calculate the remainder when z is divided by 14.
12
Suppose 4*j - 3*j = 16. Suppose p + 4 - j = 3*u, -2*p + 4*u + 30 = 0. What is the remainder when 41 is divided by p?
20
Let u be 2/1 + -2 + 3. Suppose -u*g = -5*x + 108, -5*x + 4*g + 94 = -15. What is the remainder when 61 is divided by x?
19
Let p(a) = -42*a - 7. Calculate the remainder when p(-2) is divided by 39.
38
Suppose -1107 = -7*t - 274. Calculate the remainder when t is divided by 40.
39
Suppose -4*o - 3*j - 14 = -2*o, -4*o = -3*j - 8. Let l = 4 - o. What is the remainder when l is divided by 3?
2
Let g(b) = -2*b**3 - b**2 + 2*b - 1. What is the remainder when 18 is divided by g(-2)?
4
Suppose 4 = 4*p - 16, -m + 13 = -2*p. Calculate the remainder when 66 is divided by m.
20
Let f(u) = -9*u - 11. Let b be f(-5). Suppose -4*l - i + b = -2*i, 4*l + 3*i = 42. What is the remainder when 24 is divided by l?
6
Let p(v) be the first derivative of v**2/2 + 10*v - 1. Suppose 0*w - 140 = -4*w. What is the remainder when w is divided by p(8)?
17
Suppose -5*k + 46 = -334. Calculate the remainder when k is divided by 13.
11
Let o = 38 - 2. What is the remainder when o is divided by 14?
8
Suppose 6 - 25 = -f. What is the remainder when f is divided by 4?
3
Let f be 0 + 3 + 0 - 0. Suppose -b + f*m + 23 = 0, -b + 3*b - 81 = -m. What is the remainder when b is divided by 10?
8
Let k(q) = -2*q + 21. Calculate the remainder when 13 is divided by k(7).
6
Let q = -20 + 40. Calculate the remainder when 39 is divided by q.
19
Let t(u) be the second derivative of -u**5/20 + u**4/6 + u**3/2 + u**2 - 2*u. Suppose 0 = 5*h - 20 + 5. Calculate the remainder when 3 is divided by t(h).
1
Suppose -2 = -z + 29. What is the remainder when z is divided by 12?
7
Suppose 0 = -4*y + 6 + 6. Suppose 2*t = y*t - 12. Suppose -k - k + t = 0. Calculate the remainder when k is divided by 4.
2
Calculate the remainder when 6/(-8) - (-8 - 124/16) is divided by 11.
4
Let k = -110 - -157. Let z = 6 + k. What is the remainder when z is divided by 18?
17
Suppose 8*p - 5*p = 51. Calculate the remainder when 31 is divided by p.
14
Suppose -16 = 4*b - 68. Suppose 0 = -4*v + 2 - 6, 0 = 3*u + 3*v - 21. What is the remainder when b is divided by u?
5
Let b(c) be the second derivative of -c**4/12 + c**3/2 - 2*c. Let p be b(3). Let w = 5 - p. What is the remainder when 14 is divided by w?
4
Let v be -7 - 1 - 0/3. Let y = 6 + v. What is the remainder when 30 is divided by y + 0 - (-36)/2?
14
What is the remainder when (-1 - (-12)/3)*27 is divided by 21?
18
Let l(a) = -a**3 - 9*a**2 - 3*a - 2. What is the remainder when 99 is divided by l(-9)?
24
Let y = 69 - 15. What is the remainder when y is divided by 5?
4
Let z = -4 - -8. Let r = -7 - 9. Let c = -10 - r. What is the remainder when c is divided by z?
2
Calculate the remainder when (-5 - (0 - 2)) + 27 is divided by 9.
6
Let r(w) = 61*w**2 - 2*w - 1. Calculate the remainder when r(-1) is divided by 32.
30
Let h(z) = -5*z - 23. Let o(v) = 6*v + 23. Let s(f) = -7*h(f) - 6*o(f). What is the remainder when s(0) is divided by 12?
11
Let p(g) = -g**2 + 8*g + 4. Let x be p(8). Calculate the remainder when 26 is divided by 34/x + 4/8.
8
Let k = 53 - 10. Let a = -30 - -32. Calculate the remainder when k is divided by (-1)/(a - (-92)/(-44)).
10
Let q(t) = t - 4. Let d be q(-3). Let o = -4 - d. Calculate the remainder when 2/2*0 + 4 is 